{"id":218038,"date":"2024-01-22T17:58:33","date_gmt":"2024-01-22T16:58:33","guid":{"rendered":"https:\/\/gremidelmotor.com\/formacion-y-actividades\/formacion\/"},"modified":"2025-03-31T11:38:53","modified_gmt":"2025-03-31T09:38:53","slug":"formacion","status":"publish","type":"page","link":"https:\/\/gremidelmotor.com\/es\/formacion-y-actividades\/formacion\/","title":{"rendered":"Formaci\u00f3n"},"content":{"rendered":"<div class=\"gb-container gb-container-768fcbc8 alignfull\">\n<div class=\"gb-container gb-container-342dfead gb-container-introduccio-inner\">\n\n<h2 class=\"gb-headline gb-headline-cbe7702f gb-headline-text\">En un entorno global y cada vez m\u00e1s competitivo es fundamental formarse y adquirir conocimientos.<\/h2>\n\n\n\n<p class=\"gb-headline gb-headline-308bff62 gb-headline-text\">La formaci\u00f3n es un instrumento esencial, dado que garantiza la necesaria adaptaci\u00f3n de las personas a la nueva sociedad basada en el conocimiento, mediante una actualizaci\u00f3n de las capacidades. El Gremio del Motor tiene como objetivo mejorar la cualificaci\u00f3n profesional del personal de las empresas y, consecuentemente, el capital humano de las empresas, dando una respuesta global y adaptada a las necesidades derivadas de la competitividad del tejido econ\u00f3mico y de la cohesi\u00f3n social y territorial. <\/p>\n\n<\/div>\n<\/div><div class=\"gb-container gb-container-a0257eb8 gb-container-seccio\">\n<div class=\"gb-container gb-container-b7e2a877 gb-container-seccio-inner\">\n<div class=\"gb-grid-wrapper gb-grid-wrapper-bcdec051 gb-grid-wrapper-destacats\">\n<div class=\"gb-grid-column gb-grid-column-3d22b724 gb-grid-column-destacat-item\"><div class=\"gb-container gb-container-3d22b724 gb-container-destacat-item\"><a class=\"gb-container-link\" href=\"https:\/\/wakelet.com\/wake\/CO3qpkHEbhfSaDApf7ViY\" rel=\"noopener noreferrer\" target=\"_blank\"><\/a>\n<div class=\"gb-container gb-container-b923f49f gb-container-destacat-item-inner\">\n\n<h2 class=\"gb-headline gb-headline-e53c5d60 gb-headline-text gb-headline-destacat-titol\"><strong>Pr\u00f3ximas convocatorias de cursos<\/strong><\/h2>\n\n\n\n<p class=\"gb-headline gb-headline-8929a736 gb-headline-text gb-headline-destacat-titol\"><em>Agenda<\/em><\/p>\n\n\n\n<figure class=\"gb-block-image gb-block-image-a3ee0bd6\"><img decoding=\"async\" width=\"750\" height=\"246\" class=\"gb-image gb-image-a3ee0bd6\" src=\"https:\/\/gremidelmotor.com\/wp-content\/uploads\/2024\/01\/GremiMotor-Mobilitat-lliure-LogoBlanc.png\" alt=\"\" title=\"GremiMotor-Movilidad-libre-LogoBlanco\" srcset=\"https:\/\/gremidelmotor.com\/wp-content\/uploads\/2024\/01\/GremiMotor-Mobilitat-lliure-LogoBlanc.png 750w, https:\/\/gremidelmotor.com\/wp-content\/uploads\/2024\/01\/GremiMotor-Mobilitat-lliure-LogoBlanc-300x98.png 300w\" sizes=\"(max-width: 750px) 100vw, 750px\" \/><\/figure>\n\n<\/div>\n<\/div><\/div>\n\n<div class=\"gb-grid-column gb-grid-column-b1838ba1 gb-grid-column-destacat-item\"><div class=\"gb-container gb-container-b1838ba1 gb-container-destacat-item\"><a class=\"gb-container-link\" href=\"https:\/\/upm.grupcief.com\/\" rel=\"noopener noreferrer\" target=\"_blank\"><\/a>\n<div class=\"gb-container gb-container-d6ba41fa gb-container-destacat-item-inner\">\n\n<h2 class=\"gb-headline gb-headline-c6d64647 gb-headline-text gb-headline-destacat-titol\"><strong>Propuesta de formaci\u00f3n online conjunta de la patronal UPM y CIEF<\/strong><\/h2>\n\n\n\n<p class=\"gb-headline gb-headline-9cc67e57 gb-headline-text gb-headline-destacat-titol\"><em>para personas en activo<\/em><\/p>\n\n\n\n<figure class=\"gb-block-image gb-block-image-b6235733\"><img decoding=\"async\" width=\"300\" height=\"173\" class=\"gb-image gb-image-b6235733\" src=\"https:\/\/gremidelmotor.com\/wp-content\/uploads\/2024\/10\/logo-unio-patronal-metalurgica-300x173-1.png\" alt=\"\" title=\"logo-unio-patronal-metalurgica-300x173\"><\/figure>\n\n<\/div>\n<\/div><\/div>\n\n<div class=\"gb-grid-column gb-grid-column-344800ae gb-grid-column-destacat-item\"><div class=\"gb-container gb-container-344800ae gb-container-destacat-item\"><a class=\"gb-container-link\" href=\"https:\/\/www.fomentformacio.com\/\" rel=\"noopener noreferrer\" target=\"_blank\"><\/a>\n<div class=\"gb-container gb-container-385ca717 gb-container-destacat-item-inner\">\n\n<h2 class=\"gb-headline gb-headline-d40355c3 gb-headline-text gb-headline-destacat-titol\"><strong>Propuesta formativa de FomentFormaci\u00f3<\/strong><\/h2>\n\n\n\n<p class=\"gb-headline gb-headline-4ed413ec gb-headline-text gb-headline-destacat-titol\"><em>para personas en activo<\/em><\/p>\n\n\n\n<figure class=\"gb-block-image gb-block-image-056c2517\"><img decoding=\"async\" width=\"527\" height=\"198\" class=\"gb-image gb-image-056c2517\" src=\"https:\/\/gremidelmotor.com\/wp-content\/uploads\/2024\/10\/fomentformacio-nb.png\" alt=\"\" title=\"fomentformacio-nb\" srcset=\"https:\/\/gremidelmotor.com\/wp-content\/uploads\/2024\/10\/fomentformacio-nb.png 527w, https:\/\/gremidelmotor.com\/wp-content\/uploads\/2024\/10\/fomentformacio-nb-300x113.png 300w\" sizes=\"(max-width: 527px) 100vw, 527px\" \/><\/figure>\n\n<\/div>\n<\/div><\/div>\n\n<div class=\"gb-grid-column gb-grid-column-30672ad5 gb-grid-column-destacat-item\"><div class=\"gb-container gb-container-30672ad5 gb-container-destacat-item\"><a class=\"gb-container-link\" href=\"https:\/\/fecavem.com\/programa-de-formacio-de-joves-comercials-dautomocio\/\" rel=\"noopener noreferrer\" target=\"_blank\"><\/a>\n<div class=\"gb-container gb-container-d1800b0c gb-container-destacat-item-inner\">\n\n<h2 class=\"gb-headline gb-headline-9ced0915 gb-headline-text gb-headline-destacat-titol\"><strong>Curso para comerciales de la Automoci\u00f3n<\/strong><\/h2>\n\n\n\n<p class=\"gb-headline gb-headline-3a9dbc98 gb-headline-text gb-headline-destacat-titol\"><em>Formaci\u00f3n Profesional en II Grado orientada a la automoci\u00f3n<\/em><\/p>\n\n\n\n\t<div class=\"wp-spaios-slider-wrap wp-spaios-row-clearfix\" data-conf=\"{&quot;arrow&quot;:&quot;false&quot;,&quot;pagination&quot;:&quot;false&quot;,&quot;speed&quot;:&quot;1000&quot;,&quot;autoplay&quot;:&quot;true&quot;,&quot;autoplay_speed&quot;:&quot;2000&quot;,&quot;loop&quot;:&quot;true&quot;,&quot;mode_bx&quot;:&quot;horizontal&quot;,&quot;slide_to_show_bx&quot;:1,&quot;max_slide_to_show_bx&quot;:1,&quot;slide_to_scroll_bx&quot;:1,&quot;slide_margin_bx&quot;:&quot;&quot;,&quot;slide_width_bx&quot;:580,&quot;start_slide_bx&quot;:0,&quot;ticker_bx&quot;:&quot;false&quot;,&quot;ticker_hover_bx&quot;:&quot;false&quot;,&quot;height_start_bx&quot;:&quot;false&quot;,&quot;random_start_bx&quot;:&quot;false&quot;,&quot;caption&quot;:&quot;false&quot;}\">\n\t\t<div class=\"wp-spaios-slider wp-spaios-bxslider wp-spaios-gallery  bxslider\" id=\"wp-spaios-bxslider-1\" style=\"\">\n\t\t\t\r\n<div class=\"bx-slide\">\r\n\t\t\t<img decoding=\"async\" class=\"wp-spaios-slider-image\" src=\"https:\/\/gremidelmotor.com\/wp-content\/uploads\/2024\/10\/InstitutMRoig-NB.png\" alt=\"\" title=\"\" \/>\r\n\t<\/div>\r\n<div class=\"bx-slide\">\r\n\t\t\t<img decoding=\"async\" class=\"wp-spaios-slider-image\" src=\"https:\/\/gremidelmotor.com\/wp-content\/uploads\/2024\/10\/logo_institut_marianao-e1739797020880-1024x379.png\" alt=\"\" title=\"\" \/>\r\n\t<\/div>\r\n<div class=\"bx-slide\">\r\n\t\t\t<img decoding=\"async\" class=\"wp-spaios-slider-image\" src=\"https:\/\/gremidelmotor.com\/wp-content\/uploads\/2024\/10\/NOU-LOGO-A-BROSSA_logo_HR250-1-2-2-2-1-1024x576.png\" alt=\"\" title=\"\" \/>\r\n\t<\/div>\t\t\t\t\t<\/div>\n\t<\/div>\n\t\n\n<\/div>\n<\/div><\/div>\n\n<div class=\"gb-grid-column gb-grid-column-291a5864 gb-grid-column-destacat-item\"><div class=\"gb-container gb-container-291a5864 gb-container-destacat-item\"><a class=\"gb-container-link\" href=\"https:\/\/gremidelmotor.com\/wp-content\/uploads\/2025\/02\/PREVENCIO_RISCOS_LABORALS_Formacio_minima_obligatoria_empreses_del_sector_Metall_1_.pdf\" rel=\"noopener noreferrer\" target=\"_blank\"><\/a>\n<div class=\"gb-container gb-container-a8a4c043 gb-container-destacat-item-inner\">\n\n<h2 class=\"gb-headline gb-headline-a43dc330 gb-headline-text gb-headline-destacat-titol\"><strong>Prevenci\u00f3n de riesgos laborales<\/strong><\/h2>\n\n\n\n<p class=\"gb-headline gb-headline-58e3cf4f gb-headline-text gb-headline-destacat-titol\"><em>Formaci\u00f3n m\u00ednima obligatoria<\/em><\/p>\n\n\n\n<figure class=\"gb-block-image gb-block-image-c0a3d9ce\"><img decoding=\"async\" width=\"300\" height=\"173\" class=\"gb-image gb-image-c0a3d9ce\" src=\"https:\/\/gremidelmotor.com\/wp-content\/uploads\/2024\/10\/logo-unio-patronal-metalurgica-300x173-1.png\" alt=\"\" title=\"logo-unio-patronal-metalurgica-300x173\"><\/figure>\n\n<\/div>\n<\/div><\/div>\n<\/div>\n<\/div>\n<\/div>","protected":false},"excerpt":{"rendered":"<p>En un entorno global y cada vez m\u00e1s competitivo es fundamental formarse y adquirir conocimientos. La formaci\u00f3n es un instrumento &#8230; <a title=\"Formaci\u00f3n\" class=\"read-more\" href=\"https:\/\/gremidelmotor.com\/es\/formacion-y-actividades\/formacion\/\" aria-label=\"Leer m\u00e1s sobre Formaci\u00f3n\">Read more<\/a><\/p>\n","protected":false},"author":1,"featured_media":0,"parent":218033,"menu_order":2,"comment_status":"closed","ping_status":"closed","template":"","meta":{"_acf_changed":false,"footnotes":""},"class_list":["post-218038","page","type-page","status-publish"],"acf":[],"_links":{"self":[{"href":"https:\/\/gremidelmotor.com\/es\/wp-json\/wp\/v2\/pages\/218038","targetHints":{"allow":["GET"]}}],"collection":[{"href":"https:\/\/gremidelmotor.com\/es\/wp-json\/wp\/v2\/pages"}],"about":[{"href":"https:\/\/gremidelmotor.com\/es\/wp-json\/wp\/v2\/types\/page"}],"author":[{"embeddable":true,"href":"https:\/\/gremidelmotor.com\/es\/wp-json\/wp\/v2\/users\/1"}],"replies":[{"embeddable":true,"href":"https:\/\/gremidelmotor.com\/es\/wp-json\/wp\/v2\/comments?post=218038"}],"version-history":[{"count":0,"href":"https:\/\/gremidelmotor.com\/es\/wp-json\/wp\/v2\/pages\/218038\/revisions"}],"up":[{"embeddable":true,"href":"https:\/\/gremidelmotor.com\/es\/wp-json\/wp\/v2\/pages\/218033"}],"wp:attachment":[{"href":"https:\/\/gremidelmotor.com\/es\/wp-json\/wp\/v2\/media?parent=218038"}],"curies":[{"name":"wp","href":"https:\/\/api.w.org\/{rel}","templated":true}]}}

Formación

<div class="gb-container gb-container-768fcbc8 alignfull">
<div class="gb-container gb-container-342dfead gb-container-introduccio-inner">

<h2 class="gb-headline gb-headline-cbe7702f gb-headline-text">En un entorno global y cada vez más competitivo es fundamental formarse y adquirir conocimientos.</h2>



<p class="gb-headline gb-headline-308bff62 gb-headline-text">La formación es un instrumento esencial, dado que garantiza la necesaria adaptación de las personas a la nueva sociedad basada en el conocimiento, mediante una actualización de las capacidades. El Gremio del Motor tiene como objetivo mejorar la cualificación profesional del personal de las empresas y, consecuentemente, el capital humano de las empresas, dando una respuesta global y adaptada a las necesidades derivadas de la competitividad del tejido económico y de la cohesión social y territorial. </p>

</div>
</div><div class="gb-container gb-container-a0257eb8 gb-container-seccio">
<div class="gb-container gb-container-b7e2a877 gb-container-seccio-inner">
<div class="gb-grid-wrapper gb-grid-wrapper-bcdec051 gb-grid-wrapper-destacats">
<div class="gb-grid-column gb-grid-column-3d22b724 gb-grid-column-destacat-item"><div class="gb-container gb-container-3d22b724 gb-container-destacat-item"><a class="gb-container-link" href="https://wakelet.com/wake/CO3qpkHEbhfSaDApf7ViY" rel="noopener noreferrer" target="_blank"></a>
<div class="gb-container gb-container-b923f49f gb-container-destacat-item-inner">

<h2 class="gb-headline gb-headline-e53c5d60 gb-headline-text gb-headline-destacat-titol"><strong>Próximas convocatorias de cursos</strong></h2>



<p class="gb-headline gb-headline-8929a736 gb-headline-text gb-headline-destacat-titol"><em>Agenda</em></p>



<figure class="gb-block-image gb-block-image-a3ee0bd6"><img decoding="async" width="750" height="246" class="gb-image gb-image-a3ee0bd6" src="https://gremidelmotor.com/wp-content/uploads/2024/01/GremiMotor-Mobilitat-lliure-LogoBlanc.png" alt="" title="GremiMotor-Movilidad-libre-LogoBlanco" srcset="https://gremidelmotor.com/wp-content/uploads/2024/01/GremiMotor-Mobilitat-lliure-LogoBlanc.png 750w, https://gremidelmotor.com/wp-content/uploads/2024/01/GremiMotor-Mobilitat-lliure-LogoBlanc-300x98.png 300w" sizes="(max-width: 750px) 100vw, 750px" /></figure>

</div>
</div></div>

<div class="gb-grid-column gb-grid-column-b1838ba1 gb-grid-column-destacat-item"><div class="gb-container gb-container-b1838ba1 gb-container-destacat-item"><a class="gb-container-link" href="https://upm.grupcief.com/" rel="noopener noreferrer" target="_blank"></a>
<div class="gb-container gb-container-d6ba41fa gb-container-destacat-item-inner">

<h2 class="gb-headline gb-headline-c6d64647 gb-headline-text gb-headline-destacat-titol"><strong>Propuesta de formación online conjunta de la patronal UPM y CIEF</strong></h2>



<p class="gb-headline gb-headline-9cc67e57 gb-headline-text gb-headline-destacat-titol"><em>para personas en activo</em></p>



<figure class="gb-block-image gb-block-image-b6235733"><img decoding="async" width="300" height="173" class="gb-image gb-image-b6235733" src="https://gremidelmotor.com/wp-content/uploads/2024/10/logo-unio-patronal-metalurgica-300x173-1.png" alt="" title="logo-unio-patronal-metalurgica-300x173"></figure>

</div>
</div></div>

<div class="gb-grid-column gb-grid-column-344800ae gb-grid-column-destacat-item"><div class="gb-container gb-container-344800ae gb-container-destacat-item"><a class="gb-container-link" href="https://www.fomentformacio.com/" rel="noopener noreferrer" target="_blank"></a>
<div class="gb-container gb-container-385ca717 gb-container-destacat-item-inner">

<h2 class="gb-headline gb-headline-d40355c3 gb-headline-text gb-headline-destacat-titol"><strong>Propuesta formativa de FomentFormació</strong></h2>



<p class="gb-headline gb-headline-4ed413ec gb-headline-text gb-headline-destacat-titol"><em>para personas en activo</em></p>



<figure class="gb-block-image gb-block-image-056c2517"><img decoding="async" width="527" height="198" class="gb-image gb-image-056c2517" src="https://gremidelmotor.com/wp-content/uploads/2024/10/fomentformacio-nb.png" alt="" title="fomentformacio-nb" srcset="https://gremidelmotor.com/wp-content/uploads/2024/10/fomentformacio-nb.png 527w, https://gremidelmotor.com/wp-content/uploads/2024/10/fomentformacio-nb-300x113.png 300w" sizes="(max-width: 527px) 100vw, 527px" /></figure>

</div>
</div></div>

<div class="gb-grid-column gb-grid-column-30672ad5 gb-grid-column-destacat-item"><div class="gb-container gb-container-30672ad5 gb-container-destacat-item"><a class="gb-container-link" href="https://fecavem.com/programa-de-formacio-de-joves-comercials-dautomocio/" rel="noopener noreferrer" target="_blank"></a>
<div class="gb-container gb-container-d1800b0c gb-container-destacat-item-inner">

<h2 class="gb-headline gb-headline-9ced0915 gb-headline-text gb-headline-destacat-titol"><strong>Curso para comerciales de la Automoción</strong></h2>



<p class="gb-headline gb-headline-3a9dbc98 gb-headline-text gb-headline-destacat-titol"><em>Formación Profesional en II Grado orientada a la automoción</em></p>



	<div class="wp-spaios-slider-wrap wp-spaios-row-clearfix" data-conf="{&quot;arrow&quot;:&quot;false&quot;,&quot;pagination&quot;:&quot;false&quot;,&quot;speed&quot;:&quot;1000&quot;,&quot;autoplay&quot;:&quot;true&quot;,&quot;autoplay_speed&quot;:&quot;2000&quot;,&quot;loop&quot;:&quot;true&quot;,&quot;mode_bx&quot;:&quot;horizontal&quot;,&quot;slide_to_show_bx&quot;:1,&quot;max_slide_to_show_bx&quot;:1,&quot;slide_to_scroll_bx&quot;:1,&quot;slide_margin_bx&quot;:&quot;&quot;,&quot;slide_width_bx&quot;:580,&quot;start_slide_bx&quot;:0,&quot;ticker_bx&quot;:&quot;false&quot;,&quot;ticker_hover_bx&quot;:&quot;false&quot;,&quot;height_start_bx&quot;:&quot;false&quot;,&quot;random_start_bx&quot;:&quot;false&quot;,&quot;caption&quot;:&quot;false&quot;}">
		<div class="wp-spaios-slider wp-spaios-bxslider wp-spaios-gallery  bxslider" id="wp-spaios-bxslider-1" style="">
			
<div class="bx-slide">
			<img decoding="async" class="wp-spaios-slider-image" src="https://gremidelmotor.com/wp-content/uploads/2024/10/InstitutMRoig-NB.png" alt="" title="" />
	</div>
<div class="bx-slide">
			<img decoding="async" class="wp-spaios-slider-image" src="https://gremidelmotor.com/wp-content/uploads/2024/10/logo_institut_marianao-e1739797020880-1024x379.png" alt="" title="" />
	</div>
<div class="bx-slide">
			<img decoding="async" class="wp-spaios-slider-image" src="https://gremidelmotor.com/wp-content/uploads/2024/10/NOU-LOGO-A-BROSSA_logo_HR250-1-2-2-2-1-1024x576.png" alt="" title="" />
	</div>					</div>
	</div>
	

</div>
</div></div>

<div class="gb-grid-column gb-grid-column-291a5864 gb-grid-column-destacat-item"><div class="gb-container gb-container-291a5864 gb-container-destacat-item"><a class="gb-container-link" href="https://gremidelmotor.com/wp-content/uploads/2025/02/PREVENCIO_RISCOS_LABORALS_Formacio_minima_obligatoria_empreses_del_sector_Metall_1_.pdf" rel="noopener noreferrer" target="_blank"></a>
<div class="gb-container gb-container-a8a4c043 gb-container-destacat-item-inner">

<h2 class="gb-headline gb-headline-a43dc330 gb-headline-text gb-headline-destacat-titol"><strong>Prevención de riesgos laborales</strong></h2>



<p class="gb-headline gb-headline-58e3cf4f gb-headline-text gb-headline-destacat-titol"><em>Formación mínima obligatoria</em></p>



<figure class="gb-block-image gb-block-image-c0a3d9ce"><img decoding="async" width="300" height="173" class="gb-image gb-image-c0a3d9ce" src="https://gremidelmotor.com/wp-content/uploads/2024/10/logo-unio-patronal-metalurgica-300x173-1.png" alt="" title="logo-unio-patronal-metalurgica-300x173"></figure>

</div>
</div></div>
</div>
</div>
</div>

<p>En un entorno global y cada vez más competitivo es fundamental formarse y adquirir conocimientos. La formación es un instrumento &#8230; <a title="Formación" class="read-more" href="https://gremidelmotor.com/es/formacion-y-actividades/formacion/" aria-label="Leer más sobre Formación">Read more</a></p>
