{"id":218056,"date":"2024-07-03T16:30:23","date_gmt":"2024-07-03T15:30:23","guid":{"rendered":"https:\/\/gremidelmotor.com\/bolsa-trabajo\/"},"modified":"2025-01-02T18:33:54","modified_gmt":"2025-01-02T17:33:54","slug":"bolsa-trabajo","status":"publish","type":"page","link":"https:\/\/gremidelmotor.com\/es\/bolsa-trabajo\/","title":{"rendered":"Bolsa Trabajo"},"content":{"rendered":"<div class=\"gb-container gb-container-768fcbc8\">\n<div class=\"gb-container gb-container-e8f06cf5 alignfull gb-container-introduccio\">\n<div class=\"gb-container gb-container-342dfead gb-container-introduccio-inner\">\n\n<h2 class=\"gb-headline gb-headline-cbe7702f gb-headline-text\">El Gremio del Motor presta este servicio a trav\u00e9s de la Bolsa de Trabajo de la Uni\u00f3n Patronal Metal\u00fargica.<\/h2>\n\n<\/div>\n<\/div>\n<\/div>\n\n<div class=\"gb-container gb-container-a0257eb8 gb-container-seccio\">\n<div class=\"gb-container gb-container-b7e2a877 gb-container-seccio-inner\">\n\n<h2 class=\"gb-headline gb-headline-c335ee9b gb-headline-text gb-headline-section-title\">\u00bfBuscas una mejora profesional?<\/h2>\n\n\n<div class=\"gb-grid-wrapper gb-grid-wrapper-d68eab4d\">\n<div class=\"gb-grid-column gb-grid-column-ab591386\"><div class=\"gb-container gb-container-ab591386\">\n\n<p class=\"has-text-align-left\"><strong>Los candidatos pueden dirigirse a:<\/strong><br> <strong><a href=\"https:\/\/upm.org\/borsa-de-treball\/candidats\" target=\"_blank\" rel=\"noopener\">https:\/\/upm.org\/bolsa-de-treball\/candidatos<\/a> y formular su petici\u00f3n.<\/strong><\/p>\n\n<\/div><\/div>\n\n<div class=\"gb-grid-column gb-grid-column-b6943184\"><div class=\"gb-container gb-container-b6943184\">\n\n<figure class=\"gb-block-image gb-block-image-5b6e21c0\"><img decoding=\"async\" width=\"1341\" height=\"400\" class=\"gb-image gb-image-5b6e21c0\" src=\"https:\/\/gremidelmotor.com\/wp-content\/uploads\/2024\/07\/Slider_upm_gremi_1.jpg\" alt=\"\" title=\" \" srcset=\"https:\/\/gremidelmotor.com\/wp-content\/uploads\/2024\/07\/Slider_upm_gremi_1.jpg 1341w, https:\/\/gremidelmotor.com\/wp-content\/uploads\/2024\/07\/Slider_upm_gremi_1-300x89.jpg 300w, https:\/\/gremidelmotor.com\/wp-content\/uploads\/2024\/07\/Slider_upm_gremi_1-1024x305.jpg 1024w, https:\/\/gremidelmotor.com\/wp-content\/uploads\/2024\/07\/Slider_upm_gremi_1-768x229.jpg 768w\" sizes=\"(max-width: 1341px) 100vw, 1341px\" \/><\/figure>\n\n<\/div><\/div>\n<\/div>\n<\/div>\n<\/div>\n\n<div class=\"gb-container gb-container-310f981d gb-container-seccio\">\n<div class=\"gb-container gb-container-b9832d91 gb-container-seccio-inner\">\n\n<h2 class=\"gb-headline gb-headline-dda2e22c gb-headline-text gb-headline-section-title\">\u00bfBuscas talento? Tienes dos v\u00edas: <\/h2>\n\n\n<div class=\"gb-grid-wrapper gb-grid-wrapper-7cad80bf\">\n<div class=\"gb-grid-column gb-grid-column-a68fb165\"><div class=\"gb-container gb-container-a68fb165\">\n\n<p class=\"has-text-align-left\"><strong>Env\u00edanos la petici\u00f3n a <a href=\"mailto:gremi@gremidelmotor.org\">gremi@gremidelmotor.org<\/a> y te orientaremos c\u00f3mo publicarla.<\/strong><br> <strong>+info: Gremio del Motor T. 934150695.<\/strong><\/p>\n\n<\/div><\/div>\n\n<div class=\"gb-grid-column gb-grid-column-313f419f\"><div class=\"gb-container gb-container-313f419f\">\n\n<figure class=\"gb-block-image gb-block-image-8073a066\"><img decoding=\"async\" width=\"1341\" height=\"400\" class=\"gb-image gb-image-8073a066\" src=\"https:\/\/gremidelmotor.com\/wp-content\/uploads\/2024\/07\/Slider_upm_gremi_2.jpg\" alt=\"\" title=\" \" srcset=\"https:\/\/gremidelmotor.com\/wp-content\/uploads\/2024\/07\/Slider_upm_gremi_2.jpg 1341w, https:\/\/gremidelmotor.com\/wp-content\/uploads\/2024\/07\/Slider_upm_gremi_2-300x89.jpg 300w, https:\/\/gremidelmotor.com\/wp-content\/uploads\/2024\/07\/Slider_upm_gremi_2-1024x305.jpg 1024w, https:\/\/gremidelmotor.com\/wp-content\/uploads\/2024\/07\/Slider_upm_gremi_2-768x229.jpg 768w\" sizes=\"(max-width: 1341px) 100vw, 1341px\" \/><\/figure>\n\n<\/div><\/div>\n<\/div>\n<\/div>\n<\/div>\n\n<div class=\"gb-container gb-container-c917ed13 gb-container-seccio\">\n<div class=\"gb-container gb-container-4bf20403 gb-container-seccio-inner\">\n\n<h2 class=\"gb-headline gb-headline-1475e382 gb-headline-text gb-headline-section-title\">\u00bfQuieres consultar las ofertas en activo?<\/h2>\n\n\n<div class=\"gb-grid-wrapper gb-grid-wrapper-35d2bd07\">\n<div class=\"gb-grid-column gb-grid-column-5e448d16\"><div class=\"gb-container gb-container-5e448d16\">\n\n<p class=\"has-text-align-left\"><strong>Puedes consultarlas en:<\/strong><br> <strong><a href=\"https:\/\/upm.org\/borsa-de-treball\/ofertes-en-actiu\" target=\"_blank\" rel=\"noopener\">https:\/\/upm.org\/bolsa-de-treball\/ofertes-en-activo<\/a><\/strong><\/p>\n\n<\/div><\/div>\n\n<div class=\"gb-grid-column gb-grid-column-c5b2d838\"><div class=\"gb-container gb-container-c5b2d838\">\n\n<figure class=\"gb-block-image gb-block-image-f5a8458e\"><img decoding=\"async\" width=\"339\" height=\"195\" class=\"gb-image gb-image-f5a8458e\" src=\"https:\/\/gremidelmotor.com\/wp-content\/uploads\/2024\/07\/logo-unio-patronal-metalurgica.jpg\" alt=\"\" title=\"logo-unio-patronal-metalurgica\" srcset=\"https:\/\/gremidelmotor.com\/wp-content\/uploads\/2024\/07\/logo-unio-patronal-metalurgica.jpg 339w, https:\/\/gremidelmotor.com\/wp-content\/uploads\/2024\/07\/logo-unio-patronal-metalurgica-300x173.jpg 300w\" sizes=\"(max-width: 339px) 100vw, 339px\" \/><\/figure>\n\n<\/div><\/div>\n<\/div>\n<\/div>\n<\/div>","protected":false},"excerpt":{"rendered":"<p>El Gremio del Motor presta este servicio a trav\u00e9s de la Bolsa de Trabajo de la Uni\u00f3n Patronal Metal\u00fargica. \u00bfBuscas &#8230; <a title=\"Bolsa Trabajo\" class=\"read-more\" href=\"https:\/\/gremidelmotor.com\/es\/bolsa-trabajo\/\" aria-label=\"Leer m\u00e1s sobre Bolsa Trabajo\">Read more<\/a><\/p>\n","protected":false},"author":1,"featured_media":544,"parent":0,"menu_order":0,"comment_status":"closed","ping_status":"closed","template":"","meta":{"_acf_changed":false,"footnotes":""},"class_list":["post-218056","page","type-page","status-publish","has-post-thumbnail"],"acf":[],"_links":{"self":[{"href":"https:\/\/gremidelmotor.com\/es\/wp-json\/wp\/v2\/pages\/218056","targetHints":{"allow":["GET"]}}],"collection":[{"href":"https:\/\/gremidelmotor.com\/es\/wp-json\/wp\/v2\/pages"}],"about":[{"href":"https:\/\/gremidelmotor.com\/es\/wp-json\/wp\/v2\/types\/page"}],"author":[{"embeddable":true,"href":"https:\/\/gremidelmotor.com\/es\/wp-json\/wp\/v2\/users\/1"}],"replies":[{"embeddable":true,"href":"https:\/\/gremidelmotor.com\/es\/wp-json\/wp\/v2\/comments?post=218056"}],"version-history":[{"count":0,"href":"https:\/\/gremidelmotor.com\/es\/wp-json\/wp\/v2\/pages\/218056\/revisions"}],"wp:featuredmedia":[{"embeddable":true,"href":"https:\/\/gremidelmotor.com\/es\/wp-json\/wp\/v2\/media\/544"}],"wp:attachment":[{"href":"https:\/\/gremidelmotor.com\/es\/wp-json\/wp\/v2\/media?parent=218056"}],"curies":[{"name":"wp","href":"https:\/\/api.w.org\/{rel}","templated":true}]}}

<div class="gb-container gb-container-768fcbc8">
<div class="gb-container gb-container-e8f06cf5 alignfull gb-container-introduccio">
<div class="gb-container gb-container-342dfead gb-container-introduccio-inner">

<h2 class="gb-headline gb-headline-cbe7702f gb-headline-text">El Gremio del Motor presta este servicio a través de la Bolsa de Trabajo de la Unión Patronal Metalúrgica.</h2>

</div>
</div>
</div>

<div class="gb-container gb-container-a0257eb8 gb-container-seccio">
<div class="gb-container gb-container-b7e2a877 gb-container-seccio-inner">

<h2 class="gb-headline gb-headline-c335ee9b gb-headline-text gb-headline-section-title">¿Buscas una mejora profesional?</h2>


<div class="gb-grid-wrapper gb-grid-wrapper-d68eab4d">
<div class="gb-grid-column gb-grid-column-ab591386"><div class="gb-container gb-container-ab591386">

<p class="has-text-align-left"><strong>Los candidatos pueden dirigirse a:</strong><br> <strong><a href="https://upm.org/borsa-de-treball/candidats" target="_blank" rel="noopener">https://upm.org/bolsa-de-treball/candidatos</a> y formular su petición.</strong></p>

</div></div>

<div class="gb-grid-column gb-grid-column-b6943184"><div class="gb-container gb-container-b6943184">

<figure class="gb-block-image gb-block-image-5b6e21c0"><img decoding="async" width="1341" height="400" class="gb-image gb-image-5b6e21c0" src="https://gremidelmotor.com/wp-content/uploads/2024/07/Slider_upm_gremi_1.jpg" alt="" title=" " srcset="https://gremidelmotor.com/wp-content/uploads/2024/07/Slider_upm_gremi_1.jpg 1341w, https://gremidelmotor.com/wp-content/uploads/2024/07/Slider_upm_gremi_1-300x89.jpg 300w, https://gremidelmotor.com/wp-content/uploads/2024/07/Slider_upm_gremi_1-1024x305.jpg 1024w, https://gremidelmotor.com/wp-content/uploads/2024/07/Slider_upm_gremi_1-768x229.jpg 768w" sizes="(max-width: 1341px) 100vw, 1341px" /></figure>

</div></div>
</div>
</div>
</div>

<div class="gb-container gb-container-310f981d gb-container-seccio">
<div class="gb-container gb-container-b9832d91 gb-container-seccio-inner">

<h2 class="gb-headline gb-headline-dda2e22c gb-headline-text gb-headline-section-title">¿Buscas talento? Tienes dos vías: </h2>


<div class="gb-grid-wrapper gb-grid-wrapper-7cad80bf">
<div class="gb-grid-column gb-grid-column-a68fb165"><div class="gb-container gb-container-a68fb165">

<p class="has-text-align-left"><strong>Envíanos la petición a <a href="mailto:gremi@gremidelmotor.org">gremi@gremidelmotor.org</a> y te orientaremos cómo publicarla.</strong><br> <strong>+info: Gremio del Motor T. 934150695.</strong></p>

</div></div>

<div class="gb-grid-column gb-grid-column-313f419f"><div class="gb-container gb-container-313f419f">

<figure class="gb-block-image gb-block-image-8073a066"><img decoding="async" width="1341" height="400" class="gb-image gb-image-8073a066" src="https://gremidelmotor.com/wp-content/uploads/2024/07/Slider_upm_gremi_2.jpg" alt="" title=" " srcset="https://gremidelmotor.com/wp-content/uploads/2024/07/Slider_upm_gremi_2.jpg 1341w, https://gremidelmotor.com/wp-content/uploads/2024/07/Slider_upm_gremi_2-300x89.jpg 300w, https://gremidelmotor.com/wp-content/uploads/2024/07/Slider_upm_gremi_2-1024x305.jpg 1024w, https://gremidelmotor.com/wp-content/uploads/2024/07/Slider_upm_gremi_2-768x229.jpg 768w" sizes="(max-width: 1341px) 100vw, 1341px" /></figure>

</div></div>
</div>
</div>
</div>

<div class="gb-container gb-container-c917ed13 gb-container-seccio">
<div class="gb-container gb-container-4bf20403 gb-container-seccio-inner">

<h2 class="gb-headline gb-headline-1475e382 gb-headline-text gb-headline-section-title">¿Quieres consultar las ofertas en activo?</h2>


<div class="gb-grid-wrapper gb-grid-wrapper-35d2bd07">
<div class="gb-grid-column gb-grid-column-5e448d16"><div class="gb-container gb-container-5e448d16">

<p class="has-text-align-left"><strong>Puedes consultarlas en:</strong><br> <strong><a href="https://upm.org/borsa-de-treball/ofertes-en-actiu" target="_blank" rel="noopener">https://upm.org/bolsa-de-treball/ofertes-en-activo</a></strong></p>

</div></div>

<div class="gb-grid-column gb-grid-column-c5b2d838"><div class="gb-container gb-container-c5b2d838">

<figure class="gb-block-image gb-block-image-f5a8458e"><img decoding="async" width="339" height="195" class="gb-image gb-image-f5a8458e" src="https://gremidelmotor.com/wp-content/uploads/2024/07/logo-unio-patronal-metalurgica.jpg" alt="" title="logo-unio-patronal-metalurgica" srcset="https://gremidelmotor.com/wp-content/uploads/2024/07/logo-unio-patronal-metalurgica.jpg 339w, https://gremidelmotor.com/wp-content/uploads/2024/07/logo-unio-patronal-metalurgica-300x173.jpg 300w" sizes="(max-width: 339px) 100vw, 339px" /></figure>

</div></div>
</div>
</div>
</div>

<p>El Gremio del Motor presta este servicio a través de la Bolsa de Trabajo de la Unión Patronal Metalúrgica. ¿Buscas &#8230; <a title="Bolsa Trabajo" class="read-more" href="https://gremidelmotor.com/es/bolsa-trabajo/" aria-label="Leer más sobre Bolsa Trabajo">Read more</a></p>
